*p - 2*q - 87 = -22. Let i(a) = 2*a**3 + 42*a**2 - 3*a - 47. Let g be i(p). What is the greatest common divisor of g and 48?
16
Let k = 47 + -44. Let d = 265 + -259. What is the highest common factor of d and k?
3
Suppose 11*w - 8858 = -344. Calculate the greatest common factor of 162 and w.
18
Let n(q) = 3*q**2 + 55*q + 310. Let s be n(-30). Calculate the greatest common factor of s and 5.
5
Suppose w - z - 56 = 0, 4*w = -5*z + 180 + 44. Suppose -17 = -3*a + 4*p, -w = -5*a + 5*p - 21. What is the highest common divisor of a and 77?
11
Let m = -163 + 165. Let y = -5 - -2. Let z be ((-178)/(-10) - m) + y/(-15). What is the highest common divisor of 64 and z?
16
Let w(j) = -78*j + 6476. Let k be w(83). Let f(q) = 2*q - 10 - q + 25. Let t be f(-8). Calculate the highest common factor of k and t.
1
Suppose 8*z = -8*z - 12416. Let u = -681 - z. Calculate the highest common factor of u and 38.
19
Suppose 3*l = -5*q + 128 + 667, -l + q + 257 = 0. Calculate the greatest common factor of l and 380.
20
Let i = 22949 + -17967. What is the highest common factor of 318 and i?
106
Let h be (-4 + -1)*(36 + -31)/((-1)/5). Calculate the greatest common divisor of h and 36625.
125
Suppose -12 = -2*q - 4. Suppose b = -q*b + 75. Let y(t) = -238*t - 18757. Let u be y(-79). Calculate the greatest common factor of u and b.
15
Suppose 3*q + 6 = -5*a, 3*a + 3 = 2*q + 7. Suppose l = a, 4*l = -4*f + 46 + 26. What is the greatest common divisor of 6 and f?
6
Suppose 0 = 5*f - 5*m - 140, -2*f - 2*m + 64 = f. Suppose f = 11*s - 7*s. Suppose 0 = s*n + 478 - 2314. What is the highest common divisor of n and 34?
34
Let s = 17 + -7. Let g = -1132 + 1902. Suppose 19*a = 8*a + g. What is the highest common divisor of s and a?
10
Let t = -854 + 1114. Calculate the greatest common divisor of t and 5590.
130
Suppose -7*o + 45 = -2*o - 5*g, 4*o = 3*g + 32. Let u be (-94)/(-4) + ((-231)/14)/(-11). What is the highest common factor of o and u?
5
Let q be 14 - (-1)/(-2)*0/16. Let v(u) = -4*u + 40 - q - 20 + 8*u + u**2. Let t be v(-10). What is the greatest common factor of 33 and t?
33
Let r = -68 + 98. Suppose -b - 2*z + 124 = 0, -1260 = 3*b - 5*z - 1775. Calculate the greatest common divisor of b and r.
30
Let b = -4302 + 4332. Let v(f) = 59*f - 38. Let r be v(7). Calculate the greatest common factor of b and r.
15
Let y = 4022 + -3858. What is the greatest common factor of y and 8?
4
Suppose 15809*u - 15787*u = 7744. Calculate the greatest common divisor of u and 77.
11
Suppose 0 = -t + 9*w + 6913, -3*t + 2*t + 5*w = -6897. What is the highest common factor of 92 and t?
23
Suppose 23*a + 1521 = 62*a. Calculate the greatest common divisor of 117 and a.
39
Let d(a) = 245*a - 1743. Let k be d(11). What is the greatest common factor of k and 56?
56
Suppose -222 = -2*c - 4*v, -5*c - v + 561 = 3*v. Suppose -119*g + c*g + 858 = 0. Suppose 11 = 3*q - 28. Calculate the greatest common divisor of g and q.
13
Let d be 63808/224 + (-6)/(-42). What is the greatest common divisor of 14136 and d?
57
Let o = 4264 - 4256. What is the highest common factor of 128 and o?
8
Let m be ((-158)/8 + (18 - 20))/(18/(-96)). What is the highest common divisor of m and 174?
58
Let z(m) = -m**3 - 39*m**2 + 158*m + 4139. Let q be z(-41). Calculate the greatest common divisor of q and 2.
1
Suppose 118*o + 5*o = 5166. What is the highest common divisor of 644 and o?
14
Let l(w) = -w**2 + 6*w - 12. Let p be l(3). Let r(z) = 16*z**2 + z + 2. Let h be r(p). What is the greatest common divisor of h and 13?
13
Suppose -4*n - 2*p + 164 = 2*p, 3*n - 5*p - 147 = 0. Let c be (-4 - ((-378)/(-12))/(-7))*n. What is the highest common factor of 242 and c?
22
Let b(w) = 100*w + 2. Let l be b(-3). Let d = 504 + l. Let z be d/10 + 2 - 6/(-15). Calculate the greatest common divisor of z and 184.
23
Suppose 2*p + 31*p = 594. Suppose -3*q = -5*w - 11 - 7, -2*w = -3*q + p. Calculate the highest common divisor of 204 and q.
6
Let r = -338 - -341. Let m(k) = 47*k**3 + 6*k + 9. Let i be m(r). What is the highest common factor of 81 and i?
81
Let w = 142 + -139. Suppose -s + 3*s - 144 = 5*i, 5*i - 216 = -w*s. Calculate the greatest common divisor of 36 and s.
36
Suppose 3179 + 8892 = 361*y + 158. What is the highest common factor of 8503 and y?
11
Let j = 29 - -236. Suppose -4137*t - 1749 = -4148*t. Calculate the greatest common factor of j and t.
53
Let o(n) = -22*n - 309. Let x(r) = -8*r - 102. Let m(a) = -6*o(a) + 17*x(a). Let f be m(10). Calculate the highest common factor of f and 10.
10
Let c be (224/(-10))/(4 - 3429/855). Let b be (7/4)/(2*7/c). Suppose -3*z - 4*g + 6*g = -114, 4*g = 3*z - 114. Calculate the highest common divisor of b and z.
38
Let g be 1/2 - (-15)/(-6). Let y be ((-4)/9)/(g/9). Let t = 28 - y. Calculate the greatest common factor of t and 65.
13
Let l(b) = 24*b - 172. Let a(i) = -7*i**2 + 53*i - 17. Let j be a(7). Let z be l(j). Calculate the highest common divisor of 46 and z.
46
Let y(h) = -22*h. Let r be y(-4). Suppose 2*v + v - 4*a + 8 = 0, 2*a - 26 = -4*v. Let k = 7 + v. What is the greatest common divisor of k and r?
11
Let f(c) = -2 - 2*c - 5*c + 2*c**2 + 8*c. Let u be f(2). Let a be (-28)/(-8)*-2*280/(-49). What is the highest common divisor of a and u?
8
Let s = 9436 + -9400. Suppose -4*b - 70 = -9*b. Let d be (-7)/b + (-194)/(-4). Calculate the greatest common factor of d and s.
12
Let c be ((-6)/(-16))/(-3) + 14351/1016. Let b(w) = -19*w + 11. Let t = 12 + -21. Let y be b(t). What is the highest common divisor of c and y?
14
Suppose -35*m + 3294 = -8*m. Suppose 5*o = 137 - m. Calculate the greatest common divisor of 2 and o.
1
Suppose 34*w - 36*w + 52 = 0. Let q be 1102/5 - (3 - w/10). What is the highest common factor of 10 and q?
10
Suppose -2*t + 13311 = -5*f, -24*t + 26*t + 2*f = 13290. What is the greatest common divisor of t and 24?
24
Let s be ((-18)/4)/((-1)/2). Suppose -d + s = 2*d. Suppose d*v + 0 = 45. Calculate the greatest common factor of v and 5.
5
Suppose 27*v + 6014 = 6*x + 23*v, 0 = 4*x + 4*v - 3996. What is the highest common factor of 385 and x?
77
Suppose 36324 = 283*y + 6043. Calculate the highest common divisor of 10807 and y.
107
Let f(y) = 20*y - 38. Let p = -272 - -274. Let u be f(p). Calculate the highest common divisor of 2 and u.
2
Let a(m) = -m**3 + 38*m**2 - 34*m - 20. Let p be a(37). What is the greatest common factor of 195 and p?
13
Suppose 0 = 265*u - 93*u - 3711 - 14693. Calculate the greatest common divisor of u and 107.
107
Let n(i) = -i + 3. Let a be n(-24). Suppose 9*c + 810 = 819. What is the greatest common divisor of c and a?
1
Let d be (140/21)/((-1)/3). Let o = -6 - d. Suppose -s - 12 = -3*f - 34, -4*s + 43 = -3*f. Calculate the highest common divisor of s and o.
7
Let x be ((-72)/10)/((-122)/3050). Calculate the highest common factor of x and 60.
60
Let w be 8*(-4)/56 - (-2255)/(-35). Let y be (-8)/20 + (-16666)/w. Calculate the highest common factor of 192 and y.
64
Let m = -467 + 485. Let v = 57 - 54. Suppose -5*i - 3*g + 275 + 28 = 0, -12 = v*g. Calculate the greatest common divisor of i and m.
9
Let n(l) = 47*l**2 + 2*l - 1. Let i be n(1). Let a(q) = q**2 - 148*q + 5323. Let x be a(93). What is the highest common factor of x and i?
16
Suppose 17*n + 110 = 501. What is the greatest common factor of 943 and n?
23
Suppose 2*o - 16 = o. Let h = -5477 + 5621. What is the highest common factor of o and h?
16
Suppose 9999*m = 9973*m + 130. Calculate the greatest common factor of m and 14640.
5
Let m(f) = -4*f - 13. Let b be m(-9). Suppose -22*d + 78*d + 1 = 1289. What is the highest common factor of d and b?
23
Suppose -2*h - 4*m + 40 = 0, 5*h + 2*m - 137 = -5. Let p = h - 15. Let d(i) = 12*i - 128. Let x be d(15). What is the highest common factor of x and p?
13
Let b be (-10)/(-3) - 2 - 56/(-84). Suppose -4*o + b*w + 1092 = 0, 3*w + 10 = -o + 276. Calculate the greatest common factor of o and 204.
68
Suppose 0 = f - 27 - 197. Let q be (-13)/(-39) + -1 + f/12. What is the highest common divisor of 8 and q?
2
Let d = 3359 + -3167. What is the greatest common factor of 128 and d?
64
Suppose 4*l - 44698 = 2*d, -55876 = -5*l + 237*d - 238*d. Calculate the greatest common divisor of 75 and l.
75
Let a(g) = 15*g**3 + 4*g. Let z be a(2). Calculate the greatest 